it of (1 + -2)/v*(1 + 88)?
8
Let b(j) = -2*j**3 + 44*j**2 + 11*j + 269. What is the units digit of b(19)?
4
Let h = 19086 + -9770. What is the thousands digit of h?
9
What is the tens digit of (-2)/(-6)*-2 - 1034517/(-261)?
6
Suppose -g = 5*d - 61585 - 47971, 2*d - 2*g = 43820. What is the units digit of d?
1
Let i be (84 + 2)*1 + 4 + -5. Suppose 3*p = 6, -2*k + p - i + 407 = 0. What is the units digit of k?
2
Suppose 131*f - 1652120 = 32*f - 107*f. What is the thousands digit of f?
8
Let p = 297 + -301. What is the tens digit of ((-29)/((-174)/2124))/((-6)/p)?
3
Let m = 10569 + -8117. What is the units digit of m?
2
Suppose 119*o = -92*o + 5000278. What is the units digit of o?
8
Let x = -7044 + 15089. What is the hundreds digit of x?
0
Suppose -4*y - 13212 = -5*f + 30454, -4*f = -11*y - 34964. What is the units digit of f?
0
Suppose 4*j + f = -865 + 3132, 0 = -2*j - 3*f + 1131. Suppose -2*k - c + 383 = 2*c, -3*k - 3*c = -j. What is the hundreds digit of k?
1
Let r = -94 - -97. Suppose -4*g = -r*q + 6*q - 284, 0 = 3*g - 5*q - 213. What is the units digit of g?
1
Let y(z) = 73*z**2 - z - 1. Let h be y(-1). Let x = -290 - -284. Let j = h + x. What is the tens digit of j?
6
Let i(g) be the third derivative of -g**5/30 + g**4/8 + 5*g**3/6 + 10*g**2. Let k be i(3). Let h = k - -102. What is the units digit of h?
8
Let j(f) = -f**3 + 7*f**2 + 37*f + 4. Let r(q) = 6*q + 48. Let m be r(-9). What is the units digit of j(m)?
0
Let k be 188*((-7)/14)/((-1)/1). Suppose -2*s + s - k = -q, 5*q - 462 = s. Suppose -668 + q = -6*n. What is the tens digit of n?
9
Suppose 1830 = -4*a - 1246. Let t = 1492 + a. Suppose -r = r + 3*n - 339, -4*r + 3*n = -t. What is the units digit of r?
7
Let w(p) = -2*p**2 - 159*p + 41713. What is the hundreds digit of w(0)?
7
Let o = 11 - 8. Let u(y) = 5*y + y**3 + 2*y**3 + 3 - 10 - o*y. What is the units digit of u(3)?
0
Let c(o) = 501*o**2 - 71*o + 16. What is the hundreds digit of c(4)?
7
Suppose 3*y + 64 = 7*y + 2*j, -2*j = -5*y + 71. Let q(f) = f**2 + 17 + f**2 - 10 - y*f. What is the units digit of q(10)?
7
Let u = -7 + 47. Let y(d) = 16*d - 232. Let b be y(13). Let p = u + b. What is the units digit of p?
6
Let f = 77614 + -48470. What is the hundreds digit of f?
1
Let m = -1488 + 2562. Suppose 0 = -21*p + 24*p - m. What is the units digit of p?
8
Suppose -4*g + i = -11, 4*i + 9 = 3*g - 9. Suppose 419 + 9 = -g*b. Let p = -151 - b. What is the tens digit of p?
6
Let j(v) = v**2 - 60*v - 782. What is the hundreds digit of j(109)?
5
Suppose -64*o + 293184 = -28*o. What is the thousands digit of o?
8
Suppose 120*i = 229*i - 2428629. What is the hundreds digit of i?
2
Let t be (6/16)/((-2)/(-16)). Suppose -3*j = -3*k - 276, -j + t*k = -3*j + 179. What is the tens digit of j?
9
Suppose 0 = 2*v + 1 - 1. Let h be v/(-3)*1/2. Let o(d) = -9*d + 171. What is the tens digit of o(h)?
7
Suppose -4*c = 0, 72*c - 74*c = l - 5. What is the thousands digit of 1288 - (l + (-4 - 5))?
1
Let w be (-25)/(-9) + 2/9. Suppose -7*a = w*f - 6*a - 10, 5*a - 24 = -2*f. Suppose 5*l = f*h + 526, -5*l - h = 304 - 821. What is the hundreds digit of l?
1
Let b(v) = 2 + 239*v - 238*v + 9. Let d be b(-10). Let j(g) = 50*g**3 + 2*g**2 + g - 2. What is the units digit of j(d)?
1
Let d = 189 + -184. Suppose s - 3*k = k + 378, -d*s = k - 1785. What is the tens digit of s?
5
Suppose 237 = 5*k + 4*j, 0*j - 3*j = 3*k - 144. Let i = 946 - 940. What is the units digit of (46/i)/(5/k)?
9
Suppose 4*o = -5*o + 216. Suppose -8*j - o = -12*j. Suppose j*g - g - 598 = -2*y, 574 = 5*g - 4*y. What is the hundreds digit of g?
1
Let q(y) = y**2 - 4*y + 8. Let i be q(2). What is the tens digit of i/8*0 + 285?
8
Suppose 0 = -22307*x + 22255*x + 248092. What is the hundreds digit of x?
7
Let g be 4/(-10) - ((-32)/5 - -7). Let o be (g - 1) + (12 - 8). Suppose -o*w + 10*w - 272 = 0. What is the units digit of w?
4
Let z(x) = 10*x**3 + 2*x**2 - 2*x + 89. What is the thousands digit of z(10)?
0
Let p = -10974 - 21158. What is the tens digit of p/(-87) + 2/3 + 0?
7
Let o(n) = -30*n - 11. Let s(q) = -2. Let f(t) = -o(t) - 5*s(t). What is the units digit of f(11)?
1
Suppose 17*u - 6 = 19*u. Let w(x) = -22*x**3 + x**2 + 6*x - 7. What is the units digit of w(u)?
8
Suppose 3*s - 17 = 3*h + 4, -2*s + 2 = 4*h. Suppose -624 + 2919 = s*f. What is the tens digit of f?
5
Let d(x) = -1299*x + 1462. What is the ten thousands digit of d(-14)?
1
Suppose -3*v = -3*p + 15, -51*p + 2*v - 20 = -52*p. Suppose 5*y + p*z - 6*z = 5358, 1068 = y - z. What is the thousands digit of y?
1
Let h(v) = v**3 + 11*v**2 + 12*v + 82. Let x be h(-10). Suppose -5*m + x + 1548 = 0. What is the units digit of m?
2
Let p be (-180)/(-24)*(-1 - 1). What is the units digit of (-158 + 1)*p/15?
7
Let q be (45/12 + -4 - -20)*4. Let n = -74 + q. Suppose -4*u - n*l + 1050 = 338, -3*u - 2*l = -534. What is the hundreds digit of u?
1
Suppose -11 = 3*n + 19. What is the tens digit of ((-27536)/(-40) + 4/n)/1?
8
Suppose -3*d - 4*l + 90 = -572, 5*d = -4*l + 1090. Suppose -x - x = 4*b - d, 209 = 2*x + 5*b. Suppose -113*s + x*s = 84. What is the units digit of s?
1
Let p(i) be the third derivative of 63*i**5/20 + 13*i**4/6 + 25*i**3 - 294*i**2. What is the units digit of p(-3)?
5
Let i be -9 - ((-30)/5)/(-6). What is the hundreds digit of (-1)/2*(-278 - i)?
1
Let c(h) = 441*h - 101. Let t(i) = -12*i - 380. Let p be t(-32). What is the hundreds digit of c(p)?
6
Let q(a) = -a**3 + 21*a**2 + 54*a + 50. What is the tens digit of q(23)?
3
Suppose -2*k - 88 = 4*s, 13*k = 15*k - 4. Let r = s - -194. What is the tens digit of r?
7
Suppose -2*i = -b + 2816, 5*i + 2242 = b - 574. What is the hundreds digit of b?
8
Let j(i) = 732*i**2 + 28*i - 190. What is the tens digit of j(5)?
5
Let g(x) = 28*x - 137. Let t be g(5). Suppose 0 = 3*w - 15, 0 = t*n - 73*w + 78*w - 4474. What is the hundreds digit of n?
4
Suppose -2*o + 11378 = 4*s, -4*s + 5508 = -5*o + 34023. What is the units digit of o?
9
Let t(g) = 2*g**2 - 169*g + 204. What is the tens digit of t(-47)?
6
Let k be 18/45 + 364/(-10). Let a be (-90)/8 + k/48. What is the tens digit of 3 + 370/6 - 4/a?
6
Let y = -576 - -1538. Let f = y + -120. Suppose 0 = -k - 1, 5*k + f - 217 = 4*g. What is the hundreds digit of g?
1
Suppose 0 = -22*i + 284597 - 110359 + 240770. What is the thousands digit of i?
8
Let l(v) = 2*v - 8. Let s(u) = 3*u - 15. Let f(q) = -5*l(q) + 3*s(q). Let j be f(-3). What is the units digit of -18*(15/j + (11 - 8))?
1
What is the units digit of 3 - 11 - (-421659)/23?
5
Let c be (-4)/(-22) + 129486/154. Let a = 1198 - c. What is the hundreds digit of a?
3
Let n = -71 - -75. Suppose 4*g + 5 = -5*u, -n*u + 5*g = 3*g - 22. What is the units digit of 2/(-1) - (2 - (73 + u))?
2
Let l(g) = 2051*g - 94. What is the thousands digit of l(14)?
8
Let x(n) = 433*n**3 - 1. Let a(q) = -q**3 + 6*q**2 + 7*q + 1. Let i be a(7). Let k be x(i). Suppose 12 = -3*d, d - k = -2*j - 2*j. What is the units digit of j?
9
Let r = -23772 - -46810. What is the thousands digit of r?
3
Let w be 1 - (-2 + 1 + 224). What is the tens digit of 2*(w/(-4) - -3)?
1
Let z(i) = -i**2 - 20*i - 23. Let g be z(-19). What is the tens digit of (-9 - (-13 - g)) + 84 + -1?
8
Let n(g) = 3*g + 17. Let y be n(-3). What is the hundreds digit of ((-7)/(-112)*y)/((-2)/(-1588))?
3
Let r = 5474 + -1884. What is the hundreds digit of r?
5
Let p = 53162 + -7228. What is the ten thousands digit of p?
4
Suppose -g - 5*y = -13439, -53756 = -4*g - 29*y + 34*y. What is the thousands digit of g?
3
Let u be 3/(-4) - (-1790)/8. Suppose -3*n + 719 = -2*v, u = -34*n + 35*n - 4*v. What is the units digit of n?
3
Suppose 0 = -4*b - 0*h + 4*h - 8, 4*h = -2*b + 14. Let v be -5 + 18 - (-2 - b). Suppose 1 = y - 0*y + 2*s, 0 = -y + s + v. What is the tens digit of y?
1
Let x be (-8)/20 - 54020/(-50). Suppose -55*p = -50*p - x. What is the hundreds digit of p?
2
Let i(x) = -337*x - 2788. What is the hundreds digit of i(-35)?
0
Let v = 788 - 472. Suppose -4*h = f - 969 - 347, -h + v = -3*f. What is the hundreds digit of h?
3
Let k = -367 + 516. Suppose -144*a + k*a = 6445. What is the thousands digit of a?
1
Let j(g) = 4 - g**2 - 3 + 16*g - 3 - 4. Let p be j(11). Let s = -10 + p. What is the tens digit of s?
3
Suppose -1 = -4*o + 15. Suppose 2*v = 4*v - 4